 Suppose -s*x - 2 = -80. What is the units digit of x?
9
Let h(n) = 6*n**3 - 11*n**2 + 26*n + 6. What is the thousands digit of h(6)?
1
Let k = -3 + 8. Suppose -r - 4 = -k. What is the tens digit of (-25)/(0 - r) + -1?
2
Let u(w) = -w - 4. Let s be u(-5). Let i be 2*s/(2/35). Let b = i + -24. What is the tens digit of b?
1
What is the hundreds digit of 2729/9 - (-5)/((-90)/4)?
3
Let v(k) = k + 1. Let h be v(3). Suppose -z + h - 2 = 0. What is the units digit of (4 - (-6)/z)*3?
1
Let g(m) = m**3 + 8*m**2 + 4*m - 3. Let o = -5 + 9. Suppose -5*v - j = 31, o*v + 30 = 5*j - 18. What is the units digit of g(v)?
8
Let q(b) = -1 + 803*b - 28 - 807*b. What is the tens digit of q(-14)?
2
Let k = 33 + -25. What is the hundreds digit of ((-477)/6)/((-4)/k)?
1
Suppose 6*l + 10*l - 8704 = 0. What is the units digit of l?
4
Let f be 5/(-15) + 122/6. Suppose 16*m = f*m - 128. What is the tens digit of m?
3
Let y be 26/6 - (-16)/24. Suppose y*z = -5*z + 1650. What is the units digit of z?
5
Suppose 0 = m - 4*x - 508, 2*m + 4*x = 5*m - 1492. What is the tens digit of m?
9
Let l = 15 - 13. Let j be (-5*1)/(-3 + l). Suppose -5*s + 2*z + z + 155 = 0, -j = z. What is the tens digit of s?
2
Let p(n) = -n**3 - 3*n**2 + 4*n + 7. Suppose 28 = -8*c + c. What is the units digit of p(c)?
7
Let x(p) = 4*p**2 + 11*p + 12. Let k(r) = -r**3 - 5*r**2 + 4*r + 12. Let m be k(-5). What is the hundreds digit of x(m)?
1
Let s = -371 + 553. What is the tens digit of s?
8
Let r(x) be the second derivative of -x**3/6 + 6*x**2 - 4*x. Let g be r(9). Let c = g + 18. What is the units digit of c?
1
Let p(d) = 5*d + 2. Let b be p(2). Suppose b = 3*n - 3*f, 3*f = -2*n - f + 8. What is the tens digit of 92*(n/(-8))/(-1)?
4
Let c = -42 - -78. Let r = 61 - c. What is the tens digit of r?
2
Suppose -2*x + 341 - 109 = 0. Suppose 0 = -7*a + 3*a + 192. Suppose -x + a = -2*r. What is the units digit of r?
4
What is the units digit of -2 + -1 - (-4620)/4?
2
Let w(i) = 131*i**2 - 19*i - 5. What is the tens digit of w(-2)?
5
Suppose 0 = -r, -4*v + 7*v - 2337 = 2*r. What is the tens digit of v?
7
Suppose -79950 = -9*k - 41*k. What is the units digit of k?
9
Let y be (4/10)/((-7)/(-140)). Suppose -228 = -y*d + 6*d. Suppose 2*s - d = -4*a - 0*a, -a + 26 = s. What is the units digit of a?
1
Let s(u) = 87*u**2 + 27*u + 28. What is the tens digit of s(-1)?
8
Suppose 27*t - 29*t + 96 = 5*p, -4*p = 3*t - 144. What is the tens digit of t?
4
What is the units digit of 18/8*(-8)/(-12)*146?
9
Suppose 2*d + 3*o = -0*o + 3955, -5*d = -2*o - 9878. What is the tens digit of d?
7
Let h be (1 - 0) + (10 - 8). Suppose 12 = k - 2*q + q, 4*q - 71 = -h*k. What is the tens digit of k?
1
Suppose 2*b + 4*h - 376 + 54 = 0, -h = -b + 158. What is the tens digit of b?
5
Let m(n) = 0 + n + n**3 + 2 + 3*n + 7*n**2. Suppose -4*h + 46 = -5*u, 5 = 5*u + 5*h + 15. What is the tens digit of m(u)?
1
Let t be 253 - 7/((-14)/(-10)). Suppose 3*a = a + t. What is the tens digit of a?
2
Suppose 3*p + 5*n = 3227 + 2384, 0 = 5*p - 4*n - 9290. What is the tens digit of p?
6
Let f = -92 - -92. What is the units digit of (-139)/(-4) - f - (-2)/8?
5
Suppose 2*w + 10 = 3*m, -3*w + 3 = -0. Let c be 6*2/3 + 197. What is the tens digit of c/6 - 2/m?
3
Let k(v) = 16*v**2 + 15*v + 35. What is the tens digit of k(-18)?
4
Let a(r) = r**3 - 2*r**2 + 2*r + 956. What is the hundreds digit of a(0)?
9
Let j be (-28)/12*-3 + -2. Suppose -2*q + 54 = -4*z, 0 = 9*z - j*z - 8. What is the tens digit of q?
3
Let g(t) = 22*t**3 + t**2 - 2*t - 10. What is the tens digit of g(3)?
8
Let k = -253 - 162. Let v = k + 589. What is the units digit of v?
4
Let k(i) = -19*i + 27. Suppose 3*b - 4*b = 11. What is the tens digit of k(b)?
3
Suppose -564 = 9*p - 15*p. Suppose -13 = d - p. What is the tens digit of d?
8
What is the hundreds digit of 6/4*(7 - (-5557)/3)?
7
Suppose 0*l - 6 = -2*l. Suppose 0*k = l*k - 90. Let j = -16 + k. What is the units digit of j?
4
Suppose 0 = 95*n - 85*n - 13540. What is the units digit of n?
4
Let p be -2*(-1 + (-12)/8). Let u(d) = p*d**2 + 1 + 0*d**2 - 4*d**2 - 5*d. What is the tens digit of u(7)?
1
Let v be 6/(-4)*(72 + 2). What is the hundreds digit of (v/(-1) - 3) + 4?
1
Let h(a) = 16*a**2 + 5*a - 9. Let o(c) = c**3 + 10*c**2 + 7*c - 16. Let x be o(-9). What is the tens digit of h(x)?
6
Let g(l) = -2*l - 4. Let h = 15 + -8. Let w(q) = q**2 - 8*q. Let n be w(h). What is the units digit of g(n)?
0
Suppose 0 = 5*w - 12238 - 4627. What is the units digit of w?
3
Let p(z) = -z + 13. Let o be p(12). What is the tens digit of (o + (-42 - -1))*(2 - 4)?
8
Let x be 2/((-2)/1)*1. What is the hundreds digit of 9 + 145 - 1/x?
1
Suppose -2*d + 0*q + q + 2559 = 0, 12 = -4*q. What is the thousands digit of d?
1
Let x(j) = j**2 - 4*j + 3. Let m be x(3). Let i be 1 - (m - (-2 + 1)). What is the tens digit of (i - -20)*(-2)/(-4)?
1
Let m(p) = 119*p**2 - 8*p - 29. What is the thousands digit of m(-3)?
1
Let s(a) = 2*a**3 + 4*a**2. Let b be s(-3). Suppose -29*k + 1536 = -35*k. What is the units digit of k/b - 6/27?
4
Let s(a) = 11*a + 17. Let w be s(8). Let f = w + -52. What is the tens digit of f?
5
Suppose 313*u + 7609 = 320*u. What is the units digit of u?
7
Suppose -5*v - 4*x = -4393, 6*v - 3*x + 1753 = 8*v. What is the tens digit of v?
8
Suppose -4*a + 3*y + 784 = -165, -4*y = -3*a + 710. What is the tens digit of a?
3
Let u(k) = k**2 + 12*k + 2. Let a be u(-12). Suppose 4*j + 3*l = -0*l + 40, -j = -a*l + 1. What is the units digit of j?
7
Suppose 3*j - 24 = -j. Suppose 5*l = j*l + 4. What is the tens digit of (l - (-1 + -23)) + -1?
1
Let a(l) = -1545*l - 62. What is the thousands digit of a(-1)?
1
Suppose -41*r + 85765 - 20042 = 0. What is the units digit of r?
3
Suppose 3*g + g = -p + 694, 4*g = 16. What is the tens digit of p?
7
Let x(w) = w**2 + 3*w + 4. Let p be x(-11). Suppose 2*y + p = 272. What is the units digit of y?
0
Suppose i = 4*k - 280 + 938, -3*i + 1957 = 5*k. What is the units digit of i?
4
Let f(z) = -6*z**2 + 4*z + 1. Suppose 5*d + 3*r - 11 = -r, 4*r - 20 = 4*d. Let c(i) = -i**2 - 1. Let q(g) = d*f(g) - 4*c(g). What is the units digit of q(2)?
5
Let n(j) = 2*j**2 + 10*j + 3. Let c be n(-8). What is the units digit of (-17)/c + 386/6?
4
What is the thousands digit of 65/130 - ((-2247)/2 - -1)?
1
Let x(g) = -g**2 - g + 60. Let y be x(0). Suppose -2*m + 113 + 311 = 5*f, -4*f - 3*m = -342. Let c = f - y. What is the tens digit of c?
2
Suppose d = 3*r + 6, 3*r + 5 = 2. Let z(t) = 22*t - 6. What is the units digit of z(d)?
0
Suppose -b + 2*h + h = -11, 5*h = -10. Suppose 2*d - 181 - 179 = -b*a, -2*d + 80 = a. What is the tens digit of a?
7
Let g(w) = 19*w - 20. Let a be g(6). Suppose -2*x + a - 20 = 0. What is the tens digit of x?
3
Suppose 0 = -3*g - 4*h + 20, g + g - 3*h - 19 = 0. Suppose -x = 3*x - 36. What is the units digit of x - g - (-17 + 2)?
6
Suppose 3*z = -2*z + 20. Let s(o) = 0*o - 2*o + z*o. What is the units digit of s(1)?
2
Let h(s) = -s**2 + 3*s**2 - 155 - 147 + 315 + 3*s. What is the units digit of h(6)?
3
Let n be -3 - (-1)/((-2)/(-14)). Suppose n*k = 136 + 380. What is the hundreds digit of k?
1
Let n be (2/3)/(24/180). Suppose -5*p + 207 = 3*y, 3*p = -n*y + 407 - 62. What is the tens digit of y?
6
Suppose 0 = -51*s + 46*s + 5250. Suppose -87 = 9*p - s. What is the tens digit of p?
0
Suppose 4*v - u - 9 = -v, u + 7 = 4*v. Suppose 4*d = 0, 0*i + 2*i = 2*d + 6. Suppose 0 = v*x - l - l - 12, i*x + 5*l + 14 = 0. What is the units digit of x?
2
What is the hundreds digit of 17/(1190/41600) - 6/21?
5
Suppose 0 = -5*i - 935 + 2975. Suppose -5*b + 3*g = -g - i, 4*g - 232 = -3*b. Suppose -b = -7*s + 3*s. What is the tens digit of s?
2
Let x(a) = 13*a - 2. Suppose -k - 103 = 5*v - 5*k, 5*k + 85 = -5*v. Let d = -17 - v. What is the units digit of x(d)?
4
Let a(i) = 4*i - 2. Let k be a(-4). Let l = -55 - -43. What is the units digit of 174/4*l/k?
9
Let v be ((-12)/(-8) - 1)*-4. Let m be 3/(v*(-12)/320). Suppose 5*i - 3*d = 131, -m = -2*i + 2*d - 7*d. What is the tens digit of i?
2
Let j(k) = 2*k**2 + 11*k + 11. Let p be j(-12). Suppose 5*t = p + 78. What is the tens digit of t?
4
Let v = -6 - -18. Let i(n) = -5*n - 1. Let a be i(-1). Let w = v + a. What is the units digit of w?
6
Suppose -73 + 8 = 5*j. Let w be 1/(-4) + j/(-4). Supp